{"id":354,"date":"2025-05-06T16:56:44","date_gmt":"2025-05-06T16:56:44","guid":{"rendered":"https:\/\/ceu2.izt.uam.mx\/librosUAMI\/?page_id=354"},"modified":"2025-05-22T19:15:20","modified_gmt":"2025-05-22T19:15:20","slug":"microbiologia","status":"publish","type":"page","link":"https:\/\/ceu3.izt.uam.mx\/librosUAMI\/index.php\/microbiologia\/","title":{"rendered":"Microbiol\u00f3gia"},"content":{"rendered":"\t\t<div data-elementor-type=\"wp-page\" data-elementor-id=\"354\" class=\"elementor elementor-354\" data-elementor-post-type=\"page\">\n\t\t\t\t\t\t<section class=\"elementor-section elementor-top-section elementor-element elementor-element-cce3751 elementor-section-boxed elementor-section-height-default elementor-section-height-default jltma-glass-effect-no\" data-id=\"cce3751\" data-element_type=\"section\" data-e-type=\"section\" data-settings=\"{&quot;background_background&quot;:&quot;classic&quot;,&quot;shape_divider_bottom&quot;:&quot;mountains&quot;}\">\n\t\t\t\t\t<div class=\"elementor-shape elementor-shape-bottom\" aria-hidden=\"true\" data-negative=\"false\">\n\t\t\t<svg xmlns=\"http:\/\/www.w3.org\/2000\/svg\" viewBox=\"0 0 1000 100\" preserveAspectRatio=\"none\">\n\t<path class=\"elementor-shape-fill\" opacity=\"0.33\" d=\"M473,67.3c-203.9,88.3-263.1-34-320.3,0C66,119.1,0,59.7,0,59.7V0h1000v59.7 c0,0-62.1,26.1-94.9,29.3c-32.8,3.3-62.8-12.3-75.8-22.1C806,49.6,745.3,8.7,694.9,4.7S492.4,59,473,67.3z\"\/>\n\t<path class=\"elementor-shape-fill\" opacity=\"0.66\" d=\"M734,67.3c-45.5,0-77.2-23.2-129.1-39.1c-28.6-8.7-150.3-10.1-254,39.1 s-91.7-34.4-149.2,0C115.7,118.3,0,39.8,0,39.8V0h1000v36.5c0,0-28.2-18.5-92.1-18.5C810.2,18.1,775.7,67.3,734,67.3z\"\/>\n\t<path class=\"elementor-shape-fill\" d=\"M766.1,28.9c-200-57.5-266,65.5-395.1,19.5C242,1.8,242,5.4,184.8,20.6C128,35.8,132.3,44.9,89.9,52.5C28.6,63.7,0,0,0,0 h1000c0,0-9.9,40.9-83.6,48.1S829.6,47,766.1,28.9z\"\/>\n<\/svg>\t\t<\/div>\n\t\t\t\t\t<div class=\"elementor-container elementor-column-gap-default\">\n\t\t\t\t\t<div class=\"elementor-column elementor-col-100 elementor-top-column elementor-element elementor-element-4ff800c jltma-glass-effect-no\" data-id=\"4ff800c\" data-element_type=\"column\" data-e-type=\"column\">\n\t\t\t<div class=\"elementor-widget-wrap elementor-element-populated\">\n\t\t\t\t\t\t<div class=\"elementor-element elementor-element-ae9fdee jltma-glass-effect-no elementor-widget elementor-widget-spacer\" data-id=\"ae9fdee\" data-element_type=\"widget\" data-e-type=\"widget\" data-widget_type=\"spacer.default\">\n\t\t\t\t<div class=\"elementor-widget-container\">\n\t\t\t\t\t\t\t<div class=\"elementor-spacer\">\n\t\t\t<div class=\"elementor-spacer-inner\"><\/div>\n\t\t<\/div>\n\t\t\t\t\t\t<\/div>\n\t\t\t\t<\/div>\n\t\t\t\t\t<\/div>\n\t\t<\/div>\n\t\t\t\t\t<\/div>\n\t\t<\/section>\n\t\t\t\t<section class=\"elementor-section elementor-top-section elementor-element elementor-element-55fb6ad elementor-section-boxed elementor-section-height-default elementor-section-height-default jltma-glass-effect-no\" data-id=\"55fb6ad\" data-element_type=\"section\" data-e-type=\"section\">\n\t\t\t\t\t\t<div class=\"elementor-container elementor-column-gap-default\">\n\t\t\t\t\t<div class=\"elementor-column elementor-col-100 elementor-top-column elementor-element elementor-element-bb06d4b jltma-glass-effect-no\" data-id=\"bb06d4b\" data-element_type=\"column\" data-e-type=\"column\">\n\t\t\t<div class=\"elementor-widget-wrap elementor-element-populated\">\n\t\t\t\t\t\t<div class=\"elementor-element elementor-element-a3957fc jltma-glass-effect-no elementor-widget elementor-widget-spacer\" data-id=\"a3957fc\" data-element_type=\"widget\" data-e-type=\"widget\" data-widget_type=\"spacer.default\">\n\t\t\t\t<div class=\"elementor-widget-container\">\n\t\t\t\t\t\t\t<div class=\"elementor-spacer\">\n\t\t\t<div class=\"elementor-spacer-inner\"><\/div>\n\t\t<\/div>\n\t\t\t\t\t\t<\/div>\n\t\t\t\t<\/div>\n\t\t\t\t<div class=\"elementor-element elementor-element-1cca240 jltma-glass-effect-no elementor-widget elementor-widget-heading\" data-id=\"1cca240\" data-element_type=\"widget\" data-e-type=\"widget\" data-widget_type=\"heading.default\">\n\t\t\t\t<div class=\"elementor-widget-container\">\n\t\t\t\t\t<h2 class=\"elementor-heading-title elementor-size-default\">Microbiolog\u00eda <\/h2>\t\t\t\t<\/div>\n\t\t\t\t<\/div>\n\t\t\t\t<div class=\"elementor-element elementor-element-89090c9 jltma-glass-effect-no elementor-widget elementor-widget-spacer\" data-id=\"89090c9\" data-element_type=\"widget\" data-e-type=\"widget\" data-widget_type=\"spacer.default\">\n\t\t\t\t<div class=\"elementor-widget-container\">\n\t\t\t\t\t\t\t<div class=\"elementor-spacer\">\n\t\t\t<div class=\"elementor-spacer-inner\"><\/div>\n\t\t<\/div>\n\t\t\t\t\t\t<\/div>\n\t\t\t\t<\/div>\n\t\t\t\t\t<\/div>\n\t\t<\/div>\n\t\t\t\t\t<\/div>\n\t\t<\/section>\n\t\t\t\t<section class=\"elementor-section elementor-top-section elementor-element elementor-element-6a7abde elementor-section-boxed elementor-section-height-default elementor-section-height-default jltma-glass-effect-no\" data-id=\"6a7abde\" data-element_type=\"section\" data-e-type=\"section\">\n\t\t\t\t\t\t<div class=\"elementor-container elementor-column-gap-default\">\n\t\t\t\t\t<div class=\"elementor-column elementor-col-50 elementor-top-column elementor-element elementor-element-d3cbcbe jltma-glass-effect-no\" data-id=\"d3cbcbe\" data-element_type=\"column\" data-e-type=\"column\">\n\t\t\t<div class=\"elementor-widget-wrap elementor-element-populated\">\n\t\t\t\t\t\t<div class=\"elementor-element elementor-element-edcfbf6 jltma-glass-effect-no elementor-widget elementor-widget-image\" data-id=\"edcfbf6\" data-element_type=\"widget\" data-e-type=\"widget\" data-widget_type=\"image.default\">\n\t\t\t\t<div class=\"elementor-widget-container\">\n\t\t\t\t\t\t\t\t\t\t\t\t\t\t\t\t<a href=\"http:\/\/ceu2.izt.uam.mx\/librosUAMI\/wp-content\/uploads\/2025\/05\/Curso-Practico-de-Microbiologia-Portada.png\" data-elementor-open-lightbox=\"yes\" data-elementor-lightbox-title=\"Curso Pr\u00e1ctico de Microbiolog\u00eda-Portada\" data-e-action-hash=\"#elementor-action%3Aaction%3Dlightbox%26settings%3DeyJpZCI6MzUzLCJ1cmwiOiJodHRwczpcL1wvY2V1My5penQudWFtLm14XC9saWJyb3NVQU1JXC93cC1jb250ZW50XC91cGxvYWRzXC8yMDI1XC8wNVwvQ3Vyc28tUHJhY3RpY28tZGUtTWljcm9iaW9sb2dpYS1Qb3J0YWRhLnBuZyJ9\">\n\t\t\t\t\t\t\t<img fetchpriority=\"high\" decoding=\"async\" width=\"611\" height=\"800\" src=\"https:\/\/ceu3.izt.uam.mx\/librosUAMI\/wp-content\/uploads\/2025\/05\/Curso-Practico-de-Microbiologia-Portada.png\" class=\"attachment-large size-large wp-image-353\" alt=\"\" srcset=\"https:\/\/ceu3.izt.uam.mx\/librosUAMI\/wp-content\/uploads\/2025\/05\/Curso-Practico-de-Microbiologia-Portada.png 611w, https:\/\/ceu3.izt.uam.mx\/librosUAMI\/wp-content\/uploads\/2025\/05\/Curso-Practico-de-Microbiologia-Portada-229x300.png 229w\" sizes=\"(max-width: 611px) 100vw, 611px\" \/>\t\t\t\t\t\t\t\t<\/a>\n\t\t\t\t\t\t\t\t\t\t\t\t\t\t\t<\/div>\n\t\t\t\t<\/div>\n\t\t\t\t<div class=\"elementor-element elementor-element-3cdd000 elementor-align-center jltma-glass-effect-no elementor-widget elementor-widget-button\" data-id=\"3cdd000\" data-element_type=\"widget\" data-e-type=\"widget\" data-widget_type=\"button.default\">\n\t\t\t\t<div class=\"elementor-widget-container\">\n\t\t\t\t\t\t\t\t\t<div class=\"elementor-button-wrapper\">\n\t\t\t\t\t<a class=\"elementor-button elementor-button-link elementor-size-sm\" href=\"http:\/\/ceu2.izt.uam.mx\/librosUAMI\/wp-content\/uploads\/2025\/05\/cpm.pdf\" target=\"_blank\">\n\t\t\t\t\t\t<span class=\"elementor-button-content-wrapper\">\n\t\t\t\t\t\t\t\t\t<span class=\"elementor-button-text\">Descargar PDF<\/span>\n\t\t\t\t\t<\/span>\n\t\t\t\t\t<\/a>\n\t\t\t\t<\/div>\n\t\t\t\t\t\t\t\t<\/div>\n\t\t\t\t<\/div>\n\t\t\t\t<div class=\"elementor-element elementor-element-4661eee elementor-align-center jltma-glass-effect-no elementor-widget elementor-widget-button\" data-id=\"4661eee\" data-element_type=\"widget\" data-e-type=\"widget\" data-widget_type=\"button.default\">\n\t\t\t\t<div class=\"elementor-widget-container\">\n\t\t\t\t\t\t\t\t\t<div class=\"elementor-button-wrapper\">\n\t\t\t\t\t<a class=\"elementor-button elementor-button-link elementor-size-sm\" href=\"https:\/\/ceu2.izt.uam.mx\/librosUAMI\/index.php\/3d-flip-book\/curso-practico-de-microbiologia\/\" target=\"_blank\">\n\t\t\t\t\t\t<span class=\"elementor-button-content-wrapper\">\n\t\t\t\t\t\t\t\t\t<span class=\"elementor-button-text\">Ver en flipbook<\/span>\n\t\t\t\t\t<\/span>\n\t\t\t\t\t<\/a>\n\t\t\t\t<\/div>\n\t\t\t\t\t\t\t\t<\/div>\n\t\t\t\t<\/div>\n\t\t\t\t\t<\/div>\n\t\t<\/div>\n\t\t\t\t<div class=\"elementor-column elementor-col-50 elementor-top-column elementor-element elementor-element-569ca23 jltma-glass-effect-no\" data-id=\"569ca23\" data-element_type=\"column\" data-e-type=\"column\">\n\t\t\t<div class=\"elementor-widget-wrap elementor-element-populated\">\n\t\t\t\t\t\t<div class=\"elementor-element elementor-element-bb6b822 jltma-glass-effect-no elementor-widget elementor-widget-text-editor\" data-id=\"bb6b822\" data-element_type=\"widget\" data-e-type=\"widget\" data-widget_type=\"text-editor.default\">\n\t\t\t\t<div class=\"elementor-widget-container\">\n\t\t\t\t\t\t\t\t\t<p><i>Esta obra se ha elaborado con el prop\u00f3sito de apoyar a los profesores y alumnos del curso pr\u00e1ctico de Microbiolog\u00eda (clave <\/i><i>2341096) de la Licenciatura en Biolog.a Experimental, no obstante, se puede utilizar en las pr.cticas de Microbiolog.a General <\/i><i>de otras licenciaturas de la Divisi\u00f3n de Ciencias Biol\u00f3gicas y de la Salud, ya que en el manual se incluyen pr\u00e1cticas que son <\/i><i>fundamentales en la formaci\u00f3n de los estudiantes de ciencias biol\u00f3gicas, particularmente aquellas que ense\u00f1an al alumno a <\/i><i>preparar y esterilizar materiales y medios de cultivo, su manejo en condiciones de esterilidad y utilizaci\u00f3n de acuerdo con su <\/i><i>composici\u00f3n y estado f\u00edsico. Adem\u00e1s, diferentes t\u00e9cnicas para el cultivo de virus, bacterias y hongos.<\/i><\/p><p><i>En el presente manual se incluyen 10 pr\u00e1cticas que ayudar\u00f3n a los estudiantes en la identificaci\u00f3n de los microorganismos <\/i><i>de acuerdo con su morfolog\u00eda colonial, morfolog\u00eda microsc\u00f3pica y por sus caracter\u00edsticas metab\u00f3licas mediante la aplicaci\u00f3n de <\/i><i>pruebas bioqu\u00edmicas, que conducen en este caso, a la identificaci\u00f3n precisa de enterobacterias asociadas con la contaminaci\u00f3n <\/i><i>de los alimentos e infecciones gastrointestinales.<\/i><\/p><p><i>En las pr\u00e1cticas de curva de crecimiento y antibiograma se estudia el efecto que tienen las variaciones de pH y de temperatura <\/i><i>sobre el crecimiento bacteriano y como se modifica la viabilidad de las bacterias ante antibi\u00f3ticos y agentes desinfectantes, <\/i><i>respectivamente.<\/i><\/p><p><i>Para la selecci\u00f3n y dise\u00f1o de las pr\u00e1cticas se consider\u00f3 que el curso experimental consta de 11 sesiones, por lo que se <\/i><i>proponen 10 pr\u00e1cticas obligatorias, que proporcionar\u00e1n los conocimientos fundamentales que debe adquirir el estudiante y que <\/i><i>adem\u00e1s complementan al curso te\u00f3rico correspondiente. Adicionalmente, se incluyen otras pr\u00e1cticas que muestran aplicaciones <\/i><i>de t\u00e9cnicas microbiol\u00f3gicas a campos espec\u00edficos y que pueden ser utilizadas en forma opcional ante imprevistos.<\/i><\/p><p><i>El n\u00famero, tipo de pr\u00e1cticas propuestas y el orden en el que se presentan son resultado de la experiencia de haber impartido <\/i><i>el curso, en los tiempos por sesi\u00f3n y por trimestre asignados para ello, adem\u00e1s que van a la par con su exposici\u00f3n en la teor\u00eda.<\/i><\/p><p><i>Las pr\u00e1cticas est\u00e1n dise\u00f1adas para que el alumno adquiera destreza manual, ejercite su capacidad deductiva, refuerce los <\/i><i>conocimientos te\u00f3ricos mediante la respuesta a cuestionarios, reportes y ex\u00e1menes que se aplican en cada pr\u00e1ctica.<\/i><\/p><p><i>Consideramos que con las habilidades y conceptos adquiridos en este curso, los alumnos podr\u00e1n desempe.arse adecuadamentem <\/i><i>en cursos posteriores relacionados con la Bioqu\u00edmica, la Biolog\u00eda Molecular y la Gen\u00e9tica Molecular de microorganismos.<\/i><\/p><p><i>El manual se ha elaborado para que pueda servir como primera referencia de t\u00e9cnicas microbiol\u00f3gicas, a\u00fan cuando el <\/i><i>alumno haya terminado sus estudios, es por esta raz\u00f3n que para una mejor utilidad hemos incluido ap\u00e9ndices referentes <\/i><i>a preparaci\u00f3n n de medios de cultivo y disoluciones, tinciones e interpretaci\u00f3n de pruebas bioqu\u00edmicas. Se incluyen adem\u00e1s <\/i><i>fotograf\u00edas de los resultados de pruebas bioqu\u00edmicas.<\/i><\/p><p><i>Rodolfo Velasco Lezama<\/i><\/p><p><i>Rafaela Tapia Aguilar<\/i><\/p>\t\t\t\t\t\t\t\t<\/div>\n\t\t\t\t<\/div>\n\t\t\t\t\t<\/div>\n\t\t<\/div>\n\t\t\t\t\t<\/div>\n\t\t<\/section>\n\t\t\t\t<\/div>\n\t\t","protected":false},"excerpt":{"rendered":"<p>Microbiolog\u00eda Descargar PDF Ver en flipbook Esta obra se ha elaborado con el prop\u00f3sito de apoyar a los profesores y alumnos del curso pr\u00e1ctico de Microbiolog\u00eda (clave 2341096) de la Licenciatura en Biolog.a Experimental, no obstante, se puede utilizar en las pr.cticas de Microbiolog.a General de otras licenciaturas de la Divisi\u00f3n de Ciencias Biol\u00f3gicas y [&hellip;]<\/p>\n","protected":false},"author":2,"featured_media":0,"parent":0,"menu_order":0,"comment_status":"closed","ping_status":"closed","template":"elementor_header_footer","meta":{"footnotes":""},"class_list":["post-354","page","type-page","status-publish","hentry"],"_links":{"self":[{"href":"https:\/\/ceu3.izt.uam.mx\/librosUAMI\/index.php\/wp-json\/wp\/v2\/pages\/354","targetHints":{"allow":["GET"]}}],"collection":[{"href":"https:\/\/ceu3.izt.uam.mx\/librosUAMI\/index.php\/wp-json\/wp\/v2\/pages"}],"about":[{"href":"https:\/\/ceu3.izt.uam.mx\/librosUAMI\/index.php\/wp-json\/wp\/v2\/types\/page"}],"author":[{"embeddable":true,"href":"https:\/\/ceu3.izt.uam.mx\/librosUAMI\/index.php\/wp-json\/wp\/v2\/users\/2"}],"replies":[{"embeddable":true,"href":"https:\/\/ceu3.izt.uam.mx\/librosUAMI\/index.php\/wp-json\/wp\/v2\/comments?post=354"}],"version-history":[{"count":10,"href":"https:\/\/ceu3.izt.uam.mx\/librosUAMI\/index.php\/wp-json\/wp\/v2\/pages\/354\/revisions"}],"predecessor-version":[{"id":1168,"href":"https:\/\/ceu3.izt.uam.mx\/librosUAMI\/index.php\/wp-json\/wp\/v2\/pages\/354\/revisions\/1168"}],"wp:attachment":[{"href":"https:\/\/ceu3.izt.uam.mx\/librosUAMI\/index.php\/wp-json\/wp\/v2\/media?parent=354"}],"curies":[{"name":"wp","href":"https:\/\/api.w.org\/{rel}","templated":true}]}}